{"id":12640,"date":"2022-08-22T09:30:37","date_gmt":"2022-08-22T07:30:37","guid":{"rendered":"http:\/\/albertbaertsoen.be\/72a08152022vh\/?page_id=12640"},"modified":"2022-09-27T22:56:06","modified_gmt":"2022-09-27T20:56:06","slug":"dankwoordfotocredits-remerciementscreditsphotographiques","status":"publish","type":"page","link":"https:\/\/albertbaertsoen.be\/fr\/dankwoordfotocredits-remerciementscreditsphotographiques\/","title":{"rendered":"REMERCIEMENTS ET CR\u00c9DITS PHOTOGRAPHIQUES"},"content":{"rendered":"<div data-elementor-type=\"wp-page\" data-elementor-id=\"12640\" class=\"elementor elementor-12640\" data-elementor-post-type=\"page\">\n\t\t\t\t<div class=\"elementor-element elementor-element-0598bf5 e-con-full e-flex e-con e-parent\" data-id=\"0598bf5\" data-element_type=\"container\" data-e-type=\"container\">\n\t\t<div class=\"elementor-element elementor-element-f38883b e-con-full e-flex e-con e-child\" data-id=\"f38883b\" data-element_type=\"container\" data-e-type=\"container\">\n\t\t\t\t<div class=\"elementor-element elementor-element-dd4c3a5 elementor-widget elementor-widget-text-editor\" data-id=\"dd4c3a5\" data-element_type=\"widget\" data-e-type=\"widget\" data-widget_type=\"text-editor.default\">\n\t\t\t\t\t\t\t\t\t<strong>Remerciements et cr\u00e9dits photographiques<\/strong>\t\t\t\t\t\t\t\t<\/div>\n\t\t\t\t<div class=\"elementor-element elementor-element-7d1b18a elementor-widget elementor-widget-text-editor\" data-id=\"7d1b18a\" data-element_type=\"widget\" data-e-type=\"widget\" data-widget_type=\"text-editor.default\">\n\t\t\t\t\t\t\t\t\tCe catalogue raisonn\u00e9 num\u00e9rique est le r\u00e9sultat de plusieurs ann\u00e9es de recherche scientifique intense, mais sans l'aide, l'assistance et les encouragements de nombreuses personnes, ce projet n'aurait jamais vu le jour.\t\t\t\t\t\t\t\t<\/div>\n\t\t\t\t<div class=\"elementor-element elementor-element-bd899a0 elementor-widget elementor-widget-text-editor\" data-id=\"bd899a0\" data-element_type=\"widget\" data-e-type=\"widget\" data-widget_type=\"text-editor.default\">\n\t\t\t\t\t\t\t\t\tL'auteur tient avant tout \u00e0 remercier les arri\u00e8re-petites-filles de l'artiste, Marina Baertsoen et Nelle Baertsoen-Hainaut, pour la g\u00e9n\u00e9rosit\u00e9 avec laquelle elles ont partag\u00e9 leurs connaissances et mis \u00e0 disposition leur patrimoine familial pour cette entreprise. Leur hospitalit\u00e9 sans limites, leur coop\u00e9ration effective et efficace, et surtout leur grande affection pour ce travail, se sont r\u00e9v\u00e9l\u00e9es extr\u00eamement pr\u00e9cieuses.\t\t\t\t\t\t\t\t<\/div>\n\t\t\t\t<div class=\"elementor-element elementor-element-203202f elementor-widget elementor-widget-text-editor\" data-id=\"203202f\" data-element_type=\"widget\" data-e-type=\"widget\" data-widget_type=\"text-editor.default\">\n\t\t\t\t\t\t\t\t\tLes remerciements les plus sinc\u00e8res de l'auteur vont \u00e9galement \u00e0 (dans l'ordre alphab\u00e9tique) Aude Alexandre, Paul Assenmaker, Stephen Bartley, Christine Ballman, Gerrit Baten, Marc Boone, Michel Boulvain, Philippe Broekaert, R\u00e9gine Brunin-Hebbelynck, Binou Buylen, Michel Buylen, Alexandre Buysse, Francis De Beir, Isabelle de Cunchy, Hendrik Defoort, Brigitte Deknuyt, Thijs Dekeukeleire, Pierre de la Kethulle, Anne-Claire Demilie, Esther De Smet, Bruno De Wever, Monique Dopchie, Guy Dupont, Hilde Everaert, Yves Fassin, Patrick Florizoone, Maxim Forret, Lieven Gerard, Ingrid Goddeeris, Evelyne Hebbelynck, Magali Hebbelynck, Norbert Hostyn, Christophe Loir, Wim Lammertijn, Paul Matthys, Benoit Mertens de Wilmar, Lucie Morel-Wagemans, Jean Plasschaert, Delphine Ronsse, Pierre Schoentjes, Danielle Stacino, Emmy Steel, Raf Steel, Joost Surmont, Frank Vanlangenhove, Lizzie Van Nieuwenhuyse, Bruno Van Verdeghem, Karel Velle, Christophe Verbruggen, Veerle Verhasselt, Philippe Vlerick et Jean Walraedt.\t\t\t\t\t\t\t\t<\/div>\n\t\t\t\t<div class=\"elementor-element elementor-element-d2b0faa elementor-widget elementor-widget-text-editor\" data-id=\"d2b0faa\" data-element_type=\"widget\" data-e-type=\"widget\" data-widget_type=\"text-editor.default\">\n\t\t\t\t\t\t\t\t\tLa plupart des images utilis\u00e9es sur ce site ont \u00e9t\u00e9 r\u00e9alis\u00e9es par l'auteur, mais d'autres photos ont \u00e9t\u00e9 mises \u00e0 disposition par Michel Burez (MSK Gand), Raf et Emmy Steel (RES Collection), AKG-images, AML (Archives et Mus\u00e9e de la Litt\u00e9rature), Archives de la Ville de Gand, Beeldbank Gent, Beeldbank Kusterfgoed, Belfius Art Collection, Biblioth\u00e8que Royale de Belgique \u2013 Cabinet des Estampes, Collection royale de Belgique, Galerie Moderne, H\u00f4tel de Ventes Horta, H\u00f4tel de Ventes Vanderkindere, Koninklijk Museum voor Schone Kunsten Antwerpen, Letterenhuis Antwerpen, MUDEL Deinze, Musea Brugge \u2013 Groeningemuseum, Mus\u00e9e des Beaux-Arts de Li\u00e8ge \u2013 La Boverie, Mus\u00e9e d'Orsay, Mus\u00e9es royaux des Beaux-Arts de Belgique (et Archives de l'art contemporain en Belgique), Salle de Ventes Rops, Universit\u00e9 de Gand (Biblioth\u00e8que \u2013 Boekentoren), Veilinghuis De Vuyst.\t\t\t\t\t\t\t\t<\/div>\n\t\t\t\t<\/div>\n\t\t\t\t<\/div>\n\t\t\t\t<\/div>","protected":false},"excerpt":{"rendered":"<p>Dankwoord en fotocreditsDeze online catalogue raisonn\u00e9 is het resultaat van enkele jaren intens onderzoek, maar zonder de hulp, bijstand en aanmoedigingen van velen zou dit project nooit tot een goed einde zijn gebracht.Voor alles en iedereen wil de auteur de achterkleindochters van de kunstenaar bedanken, Marina Baertsoen en Nelle Baertsoen-Hainaut, voor de generositeit waarmee ze [&hellip;]<\/p>\n","protected":false},"author":3,"featured_media":10582,"parent":0,"menu_order":0,"comment_status":"closed","ping_status":"closed","template":"","meta":{"footnotes":""},"class_list":["post-12640","page","type-page","status-publish","has-post-thumbnail","hentry"],"_links":{"self":[{"href":"https:\/\/albertbaertsoen.be\/fr\/wp-json\/wp\/v2\/pages\/12640","targetHints":{"allow":["GET"]}}],"collection":[{"href":"https:\/\/albertbaertsoen.be\/fr\/wp-json\/wp\/v2\/pages"}],"about":[{"href":"https:\/\/albertbaertsoen.be\/fr\/wp-json\/wp\/v2\/types\/page"}],"author":[{"embeddable":true,"href":"https:\/\/albertbaertsoen.be\/fr\/wp-json\/wp\/v2\/users\/3"}],"replies":[{"embeddable":true,"href":"https:\/\/albertbaertsoen.be\/fr\/wp-json\/wp\/v2\/comments?post=12640"}],"version-history":[{"count":0,"href":"https:\/\/albertbaertsoen.be\/fr\/wp-json\/wp\/v2\/pages\/12640\/revisions"}],"wp:featuredmedia":[{"embeddable":true,"href":"https:\/\/albertbaertsoen.be\/fr\/wp-json\/wp\/v2\/media\/10582"}],"wp:attachment":[{"href":"https:\/\/albertbaertsoen.be\/fr\/wp-json\/wp\/v2\/media?parent=12640"}],"curies":[{"name":"wp","href":"https:\/\/api.w.org\/{rel}","templated":true}]}}

REMERCIEMENTS ET CRÉDITS PHOTOGRAPHIQUES

<div data-elementor-type="wp-page" data-elementor-id="12640" class="elementor elementor-12640" data-elementor-post-type="page">
				<div class="elementor-element elementor-element-0598bf5 e-con-full e-flex e-con e-parent" data-id="0598bf5" data-element_type="container" data-e-type="container">
		<div class="elementor-element elementor-element-f38883b e-con-full e-flex e-con e-child" data-id="f38883b" data-element_type="container" data-e-type="container">
				<div class="elementor-element elementor-element-dd4c3a5 elementor-widget elementor-widget-text-editor" data-id="dd4c3a5" data-element_type="widget" data-e-type="widget" data-widget_type="text-editor.default">
									<strong>Remerciements et crédits photographiques</strong>								</div>
				<div class="elementor-element elementor-element-7d1b18a elementor-widget elementor-widget-text-editor" data-id="7d1b18a" data-element_type="widget" data-e-type="widget" data-widget_type="text-editor.default">
									Ce catalogue raisonné numérique est le résultat de plusieurs années de recherche scientifique intense, mais sans l'aide, l'assistance et les encouragements de nombreuses personnes, ce projet n'aurait jamais vu le jour.								</div>
				<div class="elementor-element elementor-element-bd899a0 elementor-widget elementor-widget-text-editor" data-id="bd899a0" data-element_type="widget" data-e-type="widget" data-widget_type="text-editor.default">
									L'auteur tient avant tout à remercier les arrière-petites-filles de l'artiste, Marina Baertsoen et Nelle Baertsoen-Hainaut, pour la générosité avec laquelle elles ont partagé leurs connaissances et mis à disposition leur patrimoine familial pour cette entreprise. Leur hospitalité sans limites, leur coopération effective et efficace, et surtout leur grande affection pour ce travail, se sont révélées extrêmement précieuses.								</div>
				<div class="elementor-element elementor-element-203202f elementor-widget elementor-widget-text-editor" data-id="203202f" data-element_type="widget" data-e-type="widget" data-widget_type="text-editor.default">
									Les remerciements les plus sincères de l'auteur vont également à (dans l'ordre alphabétique) Aude Alexandre, Paul Assenmaker, Stephen Bartley, Christine Ballman, Gerrit Baten, Marc Boone, Michel Boulvain, Philippe Broekaert, Régine Brunin-Hebbelynck, Binou Buylen, Michel Buylen, Alexandre Buysse, Francis De Beir, Isabelle de Cunchy, Hendrik Defoort, Brigitte Deknuyt, Thijs Dekeukeleire, Pierre de la Kethulle, Anne-Claire Demilie, Esther De Smet, Bruno De Wever, Monique Dopchie, Guy Dupont, Hilde Everaert, Yves Fassin, Patrick Florizoone, Maxim Forret, Lieven Gerard, Ingrid Goddeeris, Evelyne Hebbelynck, Magali Hebbelynck, Norbert Hostyn, Christophe Loir, Wim Lammertijn, Paul Matthys, Benoit Mertens de Wilmar, Lucie Morel-Wagemans, Jean Plasschaert, Delphine Ronsse, Pierre Schoentjes, Danielle Stacino, Emmy Steel, Raf Steel, Joost Surmont, Frank Vanlangenhove, Lizzie Van Nieuwenhuyse, Bruno Van Verdeghem, Karel Velle, Christophe Verbruggen, Veerle Verhasselt, Philippe Vlerick et Jean Walraedt.								</div>
				<div class="elementor-element elementor-element-d2b0faa elementor-widget elementor-widget-text-editor" data-id="d2b0faa" data-element_type="widget" data-e-type="widget" data-widget_type="text-editor.default">
									La plupart des images utilisées sur ce site ont été réalisées par l'auteur, mais d'autres photos ont été mises à disposition par Michel Burez (MSK Gand), Raf et Emmy Steel (RES Collection), AKG-images, AML (Archives et Musée de la Littérature), Archives de la Ville de Gand, Beeldbank Gent, Beeldbank Kusterfgoed, Belfius Art Collection, Bibliothèque Royale de Belgique – Cabinet des Estampes, Collection royale de Belgique, Galerie Moderne, Hôtel de Ventes Horta, Hôtel de Ventes Vanderkindere, Koninklijk Museum voor Schone Kunsten Antwerpen, Letterenhuis Antwerpen, MUDEL Deinze, Musea Brugge – Groeningemuseum, Musée des Beaux-Arts de Liège – La Boverie, Musée d'Orsay, Musées royaux des Beaux-Arts de Belgique (et Archives de l'art contemporain en Belgique), Salle de Ventes Rops, Université de Gand (Bibliothèque – Boekentoren), Veilinghuis De Vuyst.								</div>
				</div>
				</div>
				</div>

<p>Dankwoord en fotocreditsDeze online catalogue raisonné is het resultaat van enkele jaren intens onderzoek, maar zonder de hulp, bijstand en aanmoedigingen van velen zou dit project nooit tot een goed einde zijn gebracht.Voor alles en iedereen wil de auteur de achterkleindochters van de kunstenaar bedanken, Marina Baertsoen en Nelle Baertsoen-Hainaut, voor de generositeit waarmee ze [&hellip;]</p>
